{"id":68,"date":"2021-10-05T12:32:39","date_gmt":"2021-10-05T12:32:39","guid":{"rendered":"https:\/\/futureval.com\/?page_id=68"},"modified":"2022-01-09T18:54:36","modified_gmt":"2022-01-09T18:54:36","slug":"unsere-leistungen","status":"publish","type":"page","link":"https:\/\/www.futureval.com\/?page_id=68","title":{"rendered":"Unsere Leistungen"},"content":{"rendered":"\n<p>Nutzen Sie wirklich Ihr gesamtes betriebliches und organisatorisches Potenzial?<\/p>\n\n\n\n<p>Wir analysieren und evaluieren Ihre Prozesse von au\u00dfen, erarbeiten detaillierte Verbesserungsvorschl\u00e4ge und unterst\u00fctzen Sie in Ihrem Risikomanagement oder bei der Personalentwicklung. Auf Wunsch betreiben wir f\u00fcr Sie gr\u00fcndliche Marktforschung und pr\u00e4sentieren Ihnen von Spezialisten ausgearbeitete Strategien und Umsetzungskonzepte. Bei uns erhalten Sie eine professionelle Beratung &#8211; aus einer Hand. Gerne unterst\u00fctzen wir Sie bei der Umsetzung auch eigener Konzepte. &nbsp;&nbsp;<\/p>\n\n\n\n<p>Ein bedarfsgerecht und interdisziplin\u00e4r zusammengesetztes Projektteam erm\u00f6glicht dabei eine optimale l\u00f6sungs- und zielorientierte Bearbeitung Ihrer Fragestellungen.<\/p>\n\n\n\n<p>Insbesondere bieten wir unseren Kunden:<\/p>\n\n\n\n<ul class=\"wp-block-list\"><li>Monitoring- und Evaluierungsdienstleistungen<\/li><li>Projekt- und Programmmanagement<\/li><li>Organisations- und Prozessberatung<\/li><li>Wirtschafts- und Strategieberatung<\/li><li>Konzepterstellung und Machbarkeitsstudien<\/li><li>F\u00f6rdermittelberatung\u00a0<\/li><li>Risikomanagement<\/li><li>Ausschreibungs- und Vergabeunterst\u00fctzung<\/li><\/ul>\n\n\n\n<p>Wir k\u00f6nnen Ihnen dabei mit einem breiten Methodenspektrum behilflich sein und insbesondere<\/p>\n\n\n\n<ul class=\"wp-block-list\"><li>Finanzanalysen und Berechnungen aller Art<\/li><li>Modellbasierte Prognostik und Forecasting<\/li><li>Organisationsanalysen<\/li><li>Prozessanalysen und -design<\/li><li>Balanced Scorecard<\/li><li>Marktforschung, Pretesting, Pricing<\/li><li>Datenanalysen<\/li><\/ul>\n\n\n\n<p>Unsere Abteilung &#8222;Real Estate&#8220; bietet zudem<\/p>\n\n\n\n<ul class=\"wp-block-list\"><li>Wertermittlung von Immobilien (nach \u00a7194 BauGB)<\/li><li>Immobilien\u00f6konomische Berechnungen \/ Wirtschaftlichkeitsanalysen<\/li><li>T\u00e4tigkeiten als\u00a0Immobilienmakler, insb.\u00a0Vermittlung des Abschlusses von Vertr\u00e4gen \u00fcber Grundst\u00fccke, grundst\u00fccksgleiche Rechte, gewerbliche R\u00e4ume oder Wohnr\u00e4ume gem\u00e4\u00df \u00a7 34c (1) Ziffer 1 GewO<\/li><li>Immobilienverwaltung und Mietverwaltung nach \u00a7 34c (1) Ziffer 4 GewO (insb. WEG-Verwaltung und SEV)<\/li><\/ul>\n\n\n\n<p>Unsere Abteilung &#8222;Education&#8220; bietet zudem<\/p>\n\n\n\n<ul class=\"wp-block-list\"><li>Konzeption von Aus- und Weiterbildungsangeboten, didaktische Konzepte<\/li><li>Umweltbildung und Bildung f\u00fcr Nachhaltige Entwicklung (BNE) <\/li><li>Evaluation von Bildungsangeboten<\/li><li>Bildungs- und Personalbedarfsanalysen<\/li><li>Trainings und Coaching (in Gruppen und\/oder einzeln) (Themen auf Anfrage)<\/li><\/ul>\n\n\n\n<p>Sie m\u00f6chten sich gerne pers\u00f6nlich von unserer Kompetenz \u00fcberzeugen? F\u00fcr ein unverbindliches erstes Beratungsgespr\u00e4ch stehen wir Ihnen jederzeit gerne zur Verf\u00fcgung.<\/p>\n","protected":false},"excerpt":{"rendered":"<p>Nutzen Sie wirklich Ihr gesamtes betriebliches und organisatorisches Potenzial? Wir analysieren und evaluieren Ihre Prozesse von au\u00dfen, erarbeiten detaillierte Verbesserungsvorschl\u00e4ge und unterst\u00fctzen Sie in Ihrem Risikomanagement oder bei der Personalentwicklung. [&hellip;]<\/p>\n","protected":false},"author":1,"featured_media":0,"parent":0,"menu_order":0,"comment_status":"closed","ping_status":"closed","template":"","meta":{"footnotes":""},"class_list":["post-68","page","type-page","status-publish","hentry"],"_links":{"self":[{"href":"https:\/\/www.futureval.com\/index.php?rest_route=\/wp\/v2\/pages\/68","targetHints":{"allow":["GET"]}}],"collection":[{"href":"https:\/\/www.futureval.com\/index.php?rest_route=\/wp\/v2\/pages"}],"about":[{"href":"https:\/\/www.futureval.com\/index.php?rest_route=\/wp\/v2\/types\/page"}],"author":[{"embeddable":true,"href":"https:\/\/www.futureval.com\/index.php?rest_route=\/wp\/v2\/users\/1"}],"replies":[{"embeddable":true,"href":"https:\/\/www.futureval.com\/index.php?rest_route=%2Fwp%2Fv2%2Fcomments&post=68"}],"version-history":[{"count":4,"href":"https:\/\/www.futureval.com\/index.php?rest_route=\/wp\/v2\/pages\/68\/revisions"}],"predecessor-version":[{"id":112,"href":"https:\/\/www.futureval.com\/index.php?rest_route=\/wp\/v2\/pages\/68\/revisions\/112"}],"wp:attachment":[{"href":"https:\/\/www.futureval.com\/index.php?rest_route=%2Fwp%2Fv2%2Fmedia&parent=68"}],"curies":[{"name":"wp","href":"https:\/\/api.w.org\/{rel}","templated":true}]}}